 p = 1774 + 160. What is the units digit of p?
4
Let s = 7103 + 8875. What is the hundreds digit of s?
9
Suppose 14*y - 7*y + 11*y = 315972. What is the units digit of y?
4
Let h be 0 - (-4 + 2 - 11). Suppose -3*g + h*g = 1690. What is the tens digit of g?
6
Suppose -z + 3631 = 5*n + 1296, 0 = 3*z + n - 6935. Let r = z + -1257. What is the tens digit of r?
5
Let u(r) = -2*r**2 + r + 95. Let y be u(0). Let w be 355/1*((-6)/10 - -1). Let t = w - y. What is the tens digit of t?
4
Let l(n) = 5*n - 122. Let o be l(26). Suppose -3*u = -o*a + 3*a + 1050, 3*u = -a + 210. What is the tens digit of a?
1
Suppose -t + 15 + 195 = 0. Suppose -215*z + t*z + 75 = 0. What is the units digit of z?
5
What is the hundreds digit of 5/3*1*(-8)/((-8)/579)?
9
Suppose 0*x = s + x + 1, -5*s + 2*x + 30 = 0. Let t be -10*(11/s + -3)*2. What is the tens digit of 1*8/20 - (-198)/t?
4
Let a(b) = -3787*b + 123. What is the ten thousands digit of a(-7)?
2
Suppose -1 = -p, 8*h - 11*h + 5388 = -3*p. What is the hundreds digit of h?
7
Let s = -14068 + 57138. What is the units digit of s?
0
Suppose c - 2982 = -13*c. Let f = c - -198. What is the tens digit of f?
1
Suppose -189*o + 3675866 - 878524 = -3979064. What is the ten thousands digit of o?
3
Let x = -12 - -15. Suppose x*w + 2*y + 2*y = 88, -3*y = 3*w - 93. Let n = 164 - w. What is the tens digit of n?
2
Let l(d) = 29*d - 26. Let z(b) = 30*b - 25. Let o(q) = 6*l(q) - 7*z(q). What is the hundreds digit of o(-20)?
7
Let x = 98 + -100. Let g be (-8*x/32)/((-2)/(-12)). Suppose 3*k + h - 595 = -53, -g*k + 5*h + 512 = 0. What is the hundreds digit of k?
1
Suppose 97*j - 250088 = -67825. What is the hundreds digit of j?
8
Suppose 30*t - 28*t + 4*r - 1394 = 0, -4*t + 5*r + 2827 = 0. What is the tens digit of t?
0
Suppose 0 = -4*i + 73 - 9. Let f = 11 - i. What is the units digit of (48/(-5))/(1/f)?
8
Let g(q) = -4*q**2 + 32*q + 9. Let n be g(7). Suppose -44*c + n*c = -3171. What is the hundreds digit of c?
4
Let b = 353 + -366. Let t(o) = -o**3 - 13*o**2 - 5*o + 19. What is the tens digit of t(b)?
8
Let v be 7 + 2744/(-12)*-69. Suppose -10*i + v = i. What is the units digit of i?
5
Suppose -6140 = -3*y - 4*q, 27 = 5*q + 2. Suppose 0 = -24*g + 9*g + y. What is the units digit of g?
6
Let h = 313 - 1037. What is the units digit of 2 - (-8 + h - 7)?
1
Let o(q) = 3*q + 4*q + 37 - q - 3*q. Let s be o(-11). Suppose s*a - a - 108 = -3*z, 5*a + 72 = 2*z. What is the tens digit of z?
3
Suppose -1883510 = -153*g + 236152. What is the tens digit of g?
5
Suppose -79*u + 84*u + 28698 = q, -3*u + 21 = 0. What is the units digit of q?
3
Suppose 0 = 12*t - 7886 - 1150. Let u = t - 323. What is the tens digit of u?
3
Suppose 8*b - 103707 = -17579. What is the ten thousands digit of b?
1
Let l(v) = -789*v + 35. Let z be l(3). Let a = -1263 - z. What is the units digit of a?
9
Let a(q) = -468*q + 893. What is the hundreds digit of a(-8)?
6
Let t = 0 + 2. Suppose -3*k = -4*k + 1. What is the hundreds digit of (-26)/3*(-33)/t + k?
1
Suppose 5 - 11 = -2*u. Suppose u*i = -i. Suppose 3*m - 5*m + 202 = i. What is the units digit of m?
1
Suppose 6*f - 9*f + 5*m = 6647, 0 = -5*f - 5*m - 11145. Let q = -828 - f. What is the thousands digit of q?
1
Suppose -5*s + 46 = x, 4*x = 3*s + s - 32. Let b(p) = 5*p**2 + 18. What is the units digit of b(s)?
3
Let b be 38*((-329)/42 + 3)*-3. Suppose -2*m = -2*r + 3*m + 5, -r - 5*m + 10 = 0. Suppose 0 = -r*w + f + b, -4*w + 3*f = 85 - 517. What is the units digit of w?
1
Let g = 3 - 14. Let x(u) = -13*u - 14. Let n be x(g). Let f = n + -43. What is the units digit of f?
6
Let m(h) = -h**3 + 5*h**2 - 3*h - 4. Let o = -50 - -26. Let b = o - -26. What is the units digit of m(b)?
2
Suppose 31*q + 23660 = 5*q. Let j = -106 - q. What is the tens digit of j?
0
Let q be (984/(-84) + 10)/(1/(-3647)). Suppose 68*s = 56*s + q. What is the tens digit of s?
2
Let c(a) = -9465*a - 8. Let h be c(-1). Suppose 9*f + 3598 - h = 0. What is the hundreds digit of f?
6
Suppose -m = 4*u - 379, 0 = -m - 4 - 1. Suppose 0 = 105*g - u*g - 10287. What is the units digit of g?
3
Let l(m) = 519*m**3 + 2*m**2 + m - 5. Let j(v) = 1040*v**3 + 5*v**2 + v - 11. Let f(t) = -2*j(t) + 5*l(t). What is the tens digit of f(1)?
1
Suppose 2*o + r + 2592 = -4*r, 0 = -3*o + 3*r - 3846. Let c be o/(-10) + 2/5. Suppose -7 = -t - 3*h + 55, -h + c = 2*t. What is the units digit of t?
5
Let j(g) = g**2 - 9*g + 15. Suppose -6*u + 5*u + 3 = 0. Let p be j(u). What is the hundreds digit of -177*3*1/p?
1
Suppose 3*o = -2*p + 319, 0 = -4*o - p + 266 + 161. Suppose 3*k - v + 642 = 0, -3*k - o = 2*v + 535. Let s = k + 337. What is the units digit of s?
3
Let h(f) = 43*f**3 - 2*f**2 - 4*f + 4. Let v(z) = 214*z**3 - 10*z**2 - 21*z + 20. Let i(o) = 11*h(o) - 2*v(o). What is the tens digit of i(2)?
5
Suppose 8*x = -1357 + 23205. What is the thousands digit of x?
2
What is the tens digit of (1 + -2)*8 - (-1546 - 47)?
8
Suppose -2*f + 29 = -5*s + 7, -4*f - 3*s - 8 = 0. Let p(n) = -14*n + 2. Let x be p(f). Let v = x - -30. What is the units digit of v?
8
Let b = 130 - 4. Let f = 223 + b. What is the units digit of f?
9
What is the units digit of (31820/(-4))/(30/(-132))?
2
Suppose 157*x = 163*x - 4068. Suppose 0 = 15*h - 1722 - x. What is the units digit of h?
0
Suppose 17*f - 16*f = 6. Suppose v + 4*n - 134 = 0, -5*v + 653 = f*n - 3*n. What is the tens digit of (48/40)/((-126)/v + 1)?
3
Let u(z) = -2*z**3 + 105*z**2 - 104*z + 29. What is the tens digit of u(23)?
4
Suppose 0 = -23*j + 16*j. What is the hundreds digit of 3 + (-72)/9 - (j + -699)?
6
Suppose -190 = -6*f - 160. Suppose -1119 - 1306 = -f*p. What is the units digit of p?
5
Let u(h) = -3*h**2 - 26*h + 42. Let d be u(-10). Suppose -d*m = 2*c - 472 - 90, c - 297 = 3*m. What is the units digit of c?
5
Suppose 2*d + 3136 = 4*d. Suppose 3*k - d = -k. Suppose -5*z + z = -k. What is the units digit of z?
8
Suppose -5*t - 91460 = -3*z + 10848, -5*t - 136404 = -4*z. What is the hundreds digit of z?
0
What is the hundreds digit of (-76)/99 + (-66)/(-121) + (-86530)/(-18)?
8
Let a(x) = -x + 40. Let u be a(7). Suppose 5*p = 3*c + u, 0 = 2*p + 3*c - 4*c - 14. Let f(o) = 16*o + 50. What is the tens digit of f(p)?
9
Let x be ((-6)/4)/((-10)/(-3120)). Let a = x - -1401. What is the tens digit of a?
3
Suppose -4*v + 21797 = 11*j - 16*j, 3*v = 2*j + 16339. What is the units digit of v?
3
Let n(g) = 1187*g**2 - 114*g - 507. What is the ten thousands digit of n(-4)?
1
Suppose -39735 = 2*d - 5*d - 13170. What is the thousands digit of d?
8
Let c(v) = -19*v**3 + 4*v**2 - 3*v - 7. Let o be c(-5). Let u = -1086 + o. What is the hundreds digit of u?
3
Let a(u) = u**3 - 7*u**2 + 9*u - 15. Let z be a(6). Suppose -z*v - 3*v + 6 = 0. What is the units digit of (-4)/14 - (v - (-474)/(-42))?
0
Suppose 29*t - 69611 = 99314. What is the units digit of t?
5
Suppose -72 = -2*s + 3*f - 6, 4*f - 66 = -2*s. Let d = s + -27. What is the units digit of 32*6 + d + -5?
3
Let f = 3754 - 2383. Let c = 3122 - f. What is the tens digit of c?
5
Let l(q) = 2*q**3 - 75*q**2 + 118*q. Let i be l(36). Suppose 2*j + 3*j + 4*r = i, -4*j + 297 = 5*r. What is the units digit of j?
8
Let s be 12 + -9 - (0 - 2). Suppose s*z - 11 - 9 = i, -4*i = -2*z + 26. Suppose x = j + j - z, -12 = 2*j - 4*x. What is the units digit of j?
4
Suppose -r = 2*j + 3, 3*j - 15 = 7*j + 5*r. Suppose 16*u - 17*u + 65 = j. Let x = u + 2. What is the tens digit of x?
6
Let m = 9110 - -4585. What is the tens digit of m?
9
Suppose 67*z - 686110 = -79626. What is the thousands digit of z?
9
Let w = 67853 + -21894. What is the hundreds digit of w?
9
Let i = 714 - 257. Suppose o - a - 2*a = i, -2231 = -5*o - 3*a. What is the tens digit of o?
4
Suppose -6*u = -15 - 3. Suppose 2*f + 5*a = -f - 17, u*a = 3*f + 9. What is the units digit of 2/f*158*-1?
9
Suppose -2*p + 2*c + 16 = 126, 0 = -4*c - 4. What is the tens digit of p/(-3) - 1/(-3)?
1
Suppose 11*t - 19*t + 19*t = 172513. What is the tens digit of t?
8
Let i(s) = 11*s**2 + 6*s + 13. Let j be i(-2). Let y = -43 + j. What is the units digit of y*(0 - -2)*(-31)/(-2)?
2
Let r(z) = -12*z - 29. Let p(d) = -96*d - 231. Let v(j) = -4*p(j) + 33*r(j). Let i be v(-8). Let w = -23 + i. What is the units digit of w?
0
Let l(h) = -814*h + 892. What is the hundreds digit